ed by q - 19/(-2)*2?
15
Let h(a) = a**2 - 3*a + 3. What is the remainder when h(6) is divided by 12?
9
Let k(t) = 12*t - 3*t**2 - 10 + 2*t**2 - 3. What is the remainder when 40 is divided by k(9)?
12
Let f(h) = h**3 - 21*h**2 + 23*h - 26. What is the remainder when 101 is divided by f(20)?
33
Let i(q) = -7*q + 45. Calculate the remainder when 32 is divided by i(6).
2
Let i(a) = -a**3 + 8*a**2 + a + 4. Let n(j) = 6*j + 3. Let y(d) = -d. Let s(q) = -n(q) - 2*y(q). What is the remainder when s(-6) is divided by i(8)?
9
Let b(t) = -10*t + 20. Calculate the remainder when b(-5) is divided by 18.
16
Suppose 2*b = 5*h + 108, -4*b + 0*h - 3*h + 268 = 0. What is the remainder when b is divided by 22?
20
Suppose -a + 2*q + 8 = -3*a, -4*a + 2 = -5*q. Let p = 24 - a. Calculate the remainder when 76 is divided by p.
24
Let g be 3 - (2 - (2 + 1)). Suppose 0 = -6*b + g*b + 30. Calculate the remainder when b is divided by 4.
3
Let o = -44 - -70. Suppose -q + 3*u - u + 1 = 0, 0 = 5*q - 3*u - o. Suppose 4*j - 58 = -4*m + 2, 4*m - 84 = 2*j. What is the remainder when m is divided by q?
5
Let v = -15 - -34. What is the remainder when v is divided by 11?
8
Suppose 0 = -4*c + 5*u + 294, -4*c - 6*u + u + 274 = 0. Calculate the remainder when c is divided by 8.
7
Suppose 3 = -3*h - 0*h. Let a = 6 - h. Calculate the remainder when 12 is divided by a.
5
Suppose 2*w - 45 = 5*p - 3*w, 4*w = -p - 4. Let v = p - -18. Calculate the remainder when 37 is divided by v.
7
Let j(x) = x + 32. Calculate the remainder when j(-12) is divided by 8.
4
What is the remainder when 3/(9/(-2)) + (-1524)/(-18) is divided by 22?
18
Let k = 49 + -23. Suppose 8 = -n + 4*p, -n - 5 = 5*p + 3. What is the remainder when k is divided by ((-12)/n)/((-6)/(-56))?
12
Suppose -2*j - 94 = 4*p - 530, 539 = 5*p + 4*j. Let x = p - 62. Calculate the remainder when x is divided by 13.
10
Let u = -2 + 3. What is the remainder when 66 is divided by (5/10)/(u/34)?
15
Suppose -36 = -2*q + 2. Suppose -4*z = 5*y + z + 30, 2*z - 6 = 4*y. What is the remainder when (159/(-9) - 1)*y is divided by q?
18
Suppose -2*h = -2*b - 0*h + 116, 121 = 2*b - 3*h. Calculate the remainder when b is divided by 12 - (-3)/(6/4).
11
Let b = 14 + 24. What is the remainder when b is divided by 13?
12
What is the remainder when (-202)/(-4) + 1/(-2) is divided by 13?
11
Suppose 23 = 4*i - 17. Let y = 32 + -9. Let p = y - 4. What is the remainder when p is divided by i?
9
Let b be 1 - 2 - (7 + -8). Suppose b = 2*f + 16 - 42. What is the remainder when f is divided by (0 + -1)*0 + 5?
3
Suppose 2 = -0*z + z. Suppose -17 + 9 = -4*m. What is the remainder when m is divided by z?
0
Suppose -r + 0 = -6. Suppose 3*m - 64 = -m. What is the remainder when m is divided by r?
4
Let s = 7 + 3. Suppose 3*n = -5*b + 6, -2*b = -n + 2*n - 2. Suppose 0 = l - 29 - b. What is the remainder when l is divided by s?
9
Let o(p) = -p**3 - 4*p**2 - 4*p - 4. Let a be o(-4). Suppose -3*v - 4*f = -9*f + a, f = 3*v. What is the remainder when -3*1*(-4)/6 is divided by v?
0
Suppose 5*a - 12 - 53 = 0. What is the remainder when a is divided by 3?
1
Let j = 17 - -34. What is the remainder when j is divided by 27?
24
Let h(c) = -c + 3. Let t be h(0). Suppose -2*s + 77 = 2*i - 7, t*i = -4*s + 125. What is the remainder when i is divided by 11?
10
Suppose -7*k + 4*k - 4*o = -88, 2*o - 170 = -5*k. Suppose 0 = -5*t + 187 + 83. Let g = t + -35. What is the remainder when k is divided by g?
17
Let u(b) = -b**3 - 8*b**2 + 10*b + 11. Let l be u(-9). Let c(p) = -2*p**2 + 6*p**2 + 6*p - 2*p**l. Calculate the remainder when c(-5) is divided by 11.
9
Let j = -10 + 0. Let u = j + 38. What is the remainder when u is divided by 10?
8
Let l be 12 - (0 - (-3)/(-3)). Suppose -5*i + l = -2. Suppose 0 = 3*d - 4*d + 1, -i*u - d + 22 = 0. Calculate the remainder when 19 is divided by u.
5
Let n(l) = -3*l - 28. Let y(x) = x + 9. Let k(u) = -3*n(u) - 8*y(u). Calculate the remainder when 93 is divided by k(7).
17
Let p be 2/(-5)*(17 - -13). Let w be 2*6/(-4) - 1. Let t = w - p. What is the remainder when t is divided by 3?
2
Let p = -168 + 316. Suppose -3*n = 4*x - p, 3*x = n - 4*n + 150. Suppose -18 = 8*a - 9*a. What is the remainder when n is divided by a?
16
Suppose -q - 8 = -2*q. Calculate the remainder when 30 is divided by q.
6
Let x(d) = -64*d - 4. Let q be x(-3). Suppose 5*i = -53 + q. What is the remainder when i is divided by 7?
6
Suppose 9 - 1 = w. Calculate the remainder when w is divided by 5.
3
Suppose -m - 34 = -2*m. Let w = 8 + 4. What is the remainder when m is divided by w?
10
Suppose 14*i - 13*i = 44. Calculate the remainder when i is divided by 15.
14
Let f(z) = -7*z + 8. Suppose 0*t - 20 = -t. What is the remainder when f(-10) is divided by t?
18
Let m(w) be the first derivative of -w**2/2 - 2. What is the remainder when m(-5) is divided by 2?
1
Let n = 78 + -74. What is the remainder when 19 is divided by n?
3
Suppose -5*q + 0*o + 55 = 5*o, -2*q = -2*o - 6. Suppose -4*d + q = -17. Let i(n) = -n**3 + 6*n**2 + 3*n - 5. What is the remainder when 24 is divided by i(d)?
11
Suppose -2*b + 18 = r, -r + 2 = 4. What is the remainder when 35 is divided by b?
5
Suppose 2*y + 3*y + 14 = -z, -3*z - 2*y = 3. Let c(w) = w**3 - 8*w**2 + 8*w - 5. Let v be c(7). What is the remainder when 3 is divided by v - z - (-2)/2?
1
Let n(o) = o**3 + 5*o**2 - 2*o. Let b(c) = c**3 - 6*c**2 + 5*c + 4. What is the remainder when n(-5) is divided by b(5)?
2
Suppose 0 = r + 3*f - 42, -2*r + 57 = 3*f - 6*f. What is the remainder when 98 is divided by r?
32
Suppose 2*y - 42 = -2*y - 2*v, 0 = -2*v - 6. Calculate the remainder when (y/9)/((-8)/(-444)) is divided by 19.
17
Suppose -5*o - 4*r + 40 = r, -8 = -2*r. Let n = -21 + 23. Calculate the remainder when o is divided by n.
0
Let o(r) = 2 + r**3 - 3*r**3 + 6*r**2 + r**3 - 3*r. What is the remainder when o(4) is divided by 14?
8
Suppose 3*o + 4 = 2*q, 0 = 2*q + 5*o - o - 18. Calculate the remainder when 19 is divided by q.
4
Let h(w) = -w**2 + 44. Calculate the remainder when h(0) is divided by 16.
12
Let z(v) = -v + 3. Suppose -37 = 5*f + 3. What is the remainder when z(f) is divided by 7?
4
Let v = 16 + 5. Let b = 44 + -36. What is the remainder when v is divided by b?
5
Suppose u = 3*u - 106. What is the remainder when u is divided by 18?
17
Let a = 77 + -72. Calculate the remainder when (-16)/(-2) - (1 - 2) is divided by a.
4
Let u(c) = c - 2. Let y be u(3). Suppose -4*g + 25 = -3*h, 5*g = 2*h + 29 + 4. What is the remainder when 19 is divided by 5*g/5*y?
5
Let n = 1 + -1. Let l = 6 - n. Suppose 3*j - g = 24, l = -j + 4*g + g. Calculate the remainder when 16 is divided by j.
7
Let p = 5 - 5. Let u be -1 + (-1)/(p - 1). Suppose 40 = c - u*c. Calculate the remainder when c is divided by 14.
12
Let i(b) = 10*b**3 - 2*b**2 + 2*b - 3. Let d be i(2). Let j = -21 + d. Calculate the remainder when j is divided by 14.
10
Suppose -3*t = -360 + 111. Calculate the remainder when t is divided by 21.
20
Let n be (-4)/6 + (-22)/3. Let y = -94 - -20. Calculate the remainder when y/(-10) - n/(-20) is divided by 2.
1
Suppose 2*j - 8 = 0, 0*o - 80 = -5*o - 5*j. Let t = 7 + 26. What is the remainder when t is divided by o?
9
Let o(g) = g**2 - g + 54. Calculate the remainder when o(0) is divided by 14.
12
Suppose -y + 2 = 3*q, 2*q - 4*y - 28 + 8 = 0. What is the remainder when 55 is divided by 14 - (0/2)/q?
13
Suppose 3 = -3*i - 0. Calculate the remainder when 1/i + -6 + 82 is divided by 19.
18
Suppose 4*m - 26 = -3*x, -4*x + 3*m + 5 = 12. Suppose -w - 2 + 4 = 0. What is the remainder when w is divided by x?
0
Suppose -18*c + 23*c = 365. What is the remainder when c is divided by 19?
16
Let w(s) = s**2 + 3*s - 6. Calculate the remainder when 58 is divided by w(3).
10
Let p(m) = 2*m**2 + m - 26. Let a be p(0). Let d = 73 + a. What is the remainder when d is divided by 25?
22
Let h(x) = 21*x - 2. What is the remainder when 35 is divided by h(1)?
16
Let b = 26 - 1. Calculate the remainder when 48 is divided by b.
23
Let n = 8 + 5. Let l = 3 + -1. Suppose -n = -2*i + 5*w + 12, -l*w = 2*i - 46. What is the remainder when i is divided by 7?
6
Suppose 0 = 2*a + 4 - 0. Let o be (1 + -3 - a)*1. Suppose -f + 4 + 6 = o. Calculate the remainder when 29 is divided by f.
9
Suppose 5*y 